{"id":1105,"date":"2019-07-11T10:23:28","date_gmt":"2019-07-11T10:23:28","guid":{"rendered":"http:\/\/kuenstlergruppe-muehlacker.de\/?page_id=1105"},"modified":"2020-06-14T21:32:53","modified_gmt":"2020-06-14T21:32:53","slug":"paul-revellio-malerei-und-lithographie-ausstellung-im-rathaus-muehlacker","status":"publish","type":"page","link":"https:\/\/kuenstlergruppe-muehlacker.de\/?page_id=1105","title":{"rendered":"Paul Revellio &#8211; Malerei und Lithographie Ausstellung im Rathaus M\u00fchlacker"},"content":{"rendered":"\n<p>14.11.2018 \u2013 19.12.2018<\/p>\n\n\n\n<p>Ausstellung im Rathaus M\u00fchlacker<\/p>\n\n\n\n<p>Er\u00f6ffnung:<br>\nMittwoch,14.11.2018,&nbsp; um 19 Uhr<\/p>\n\n\n\n<p>Begr\u00fc\u00dfung:<br>\nOberb\u00fcrgermeister Frank Schneider<\/p>\n\n\n\n<p>Einf\u00fchrende Worte:<br>\nDr. Markus Maisel<\/p>\n\n\n\n<p>\u00d6ffnungszeiten:<br> montags bis mittwochs 8.00 \u2013 16.00 Uhr<br> donnerstags 8.00 \u2013 18.00 Uhr<br> freitags: 8.00 \u2013 12.00 Uhr<\/p>\n\n\n\n<p><em><a href=\"https:\/\/paulrevellio.de\" target=\"_blank\" rel=\"noreferrer noopener\" aria-label=\" (\u00f6ffnet in neuem Tab)\">mehr<\/a><\/em><\/p>\n\n\n\n<p><\/p>\n","protected":false},"excerpt":{"rendered":"<p>14.11.2018 \u2013 19.12.2018 Ausstellung im Rathaus M\u00fchlacker Er\u00f6ffnung: Mittwoch,14.11.2018,&nbsp; um 19 Uhr Begr\u00fc\u00dfung: Oberb\u00fcrgermeister Frank Schneider Einf\u00fchrende Worte: Dr. Markus Maisel \u00d6ffnungszeiten: montags bis mittwochs 8.00 \u2013 16.00 Uhr donnerstags 8.00 \u2013 18.00 Uhr freitags: 8.00 \u2013 12.00 Uhr mehr<\/p>\n","protected":false},"author":1,"featured_media":931,"parent":0,"menu_order":0,"comment_status":"closed","ping_status":"closed","template":"","meta":{"ngg_post_thumbnail":0,"footnotes":""},"class_list":["post-1105","page","type-page","status-publish","has-post-thumbnail","hentry"],"_links":{"self":[{"href":"https:\/\/kuenstlergruppe-muehlacker.de\/index.php?rest_route=\/wp\/v2\/pages\/1105","targetHints":{"allow":["GET"]}}],"collection":[{"href":"https:\/\/kuenstlergruppe-muehlacker.de\/index.php?rest_route=\/wp\/v2\/pages"}],"about":[{"href":"https:\/\/kuenstlergruppe-muehlacker.de\/index.php?rest_route=\/wp\/v2\/types\/page"}],"author":[{"embeddable":true,"href":"https:\/\/kuenstlergruppe-muehlacker.de\/index.php?rest_route=\/wp\/v2\/users\/1"}],"replies":[{"embeddable":true,"href":"https:\/\/kuenstlergruppe-muehlacker.de\/index.php?rest_route=%2Fwp%2Fv2%2Fcomments&post=1105"}],"version-history":[{"count":5,"href":"https:\/\/kuenstlergruppe-muehlacker.de\/index.php?rest_route=\/wp\/v2\/pages\/1105\/revisions"}],"predecessor-version":[{"id":1113,"href":"https:\/\/kuenstlergruppe-muehlacker.de\/index.php?rest_route=\/wp\/v2\/pages\/1105\/revisions\/1113"}],"wp:featuredmedia":[{"embeddable":true,"href":"https:\/\/kuenstlergruppe-muehlacker.de\/index.php?rest_route=\/wp\/v2\/media\/931"}],"wp:attachment":[{"href":"https:\/\/kuenstlergruppe-muehlacker.de\/index.php?rest_route=%2Fwp%2Fv2%2Fmedia&parent=1105"}],"curies":[{"name":"wp","href":"https:\/\/api.w.org\/{rel}","templated":true}]}}