{"id":136,"date":"2018-01-27T09:45:58","date_gmt":"2018-01-27T09:45:58","guid":{"rendered":"http:\/\/kuenstlergruppe-muehlacker.de\/?page_id=136"},"modified":"2026-01-18T13:40:26","modified_gmt":"2026-01-18T13:40:26","slug":"martin-e-kautter","status":"publish","type":"page","link":"https:\/\/kuenstlergruppe-muehlacker.de\/?page_id=136","title":{"rendered":"Martin E. Kautter"},"content":{"rendered":"\n<figure class=\"wp-block-image size-large\"><img loading=\"lazy\" decoding=\"async\" width=\"1024\" height=\"493\" src=\"https:\/\/kuenstlergruppe-muehlacker.de\/wp-content\/uploads\/2018\/01\/cropped-cropped-Martin-Kautter-Mario-Wirz-1-2-1024x493.jpg\" alt=\"\" class=\"wp-image-1807\" srcset=\"https:\/\/kuenstlergruppe-muehlacker.de\/wp-content\/uploads\/2018\/01\/cropped-cropped-Martin-Kautter-Mario-Wirz-1-2-1024x493.jpg 1024w, https:\/\/kuenstlergruppe-muehlacker.de\/wp-content\/uploads\/2018\/01\/cropped-cropped-Martin-Kautter-Mario-Wirz-1-2-300x144.jpg 300w, https:\/\/kuenstlergruppe-muehlacker.de\/wp-content\/uploads\/2018\/01\/cropped-cropped-Martin-Kautter-Mario-Wirz-1-2-768x370.jpg 768w, https:\/\/kuenstlergruppe-muehlacker.de\/wp-content\/uploads\/2018\/01\/cropped-cropped-Martin-Kautter-Mario-Wirz-1-2-1536x740.jpg 1536w, https:\/\/kuenstlergruppe-muehlacker.de\/wp-content\/uploads\/2018\/01\/cropped-cropped-Martin-Kautter-Mario-Wirz-1-2-174x84.jpg 174w, https:\/\/kuenstlergruppe-muehlacker.de\/wp-content\/uploads\/2018\/01\/cropped-cropped-Martin-Kautter-Mario-Wirz-1-2.jpg 2000w\" sizes=\"auto, (max-width: 1024px) 100vw, 1024px\" \/><\/figure>\n\n\n\n<p>Geboren 1955 in M\u00fchlacker<br>lebt und arbeitet seit 2018 in G\u00f6rtlitz\/Nei\u00dfe<br>Martin E. Kautters Fotografie bildet das Menschsein in seinem Facettenreichtum ab: Soldatengr\u00e4ber, queere Geistliche, Gefl\u00fcchtete und Ansichten von Geb\u00e4uden, die Geschichten erz\u00e4hlen. Dabei geht es ihm um w\u00fcrdevolles Betrachten und darum, eine Erinnerungskultur zu pflegen, welche die Schattenseiten der Geschichte nicht verdr\u00e4ngt.<\/p>\n","protected":false},"excerpt":{"rendered":"<p>Geboren 1955 in M\u00fchlackerlebt und arbeitet seit 2018 in G\u00f6rtlitz\/Nei\u00dfeMartin E. Kautters Fotografie bildet das Menschsein in seinem Facettenreichtum ab: Soldatengr\u00e4ber, queere Geistliche, Gefl\u00fcchtete und Ansichten von Geb\u00e4uden, die Geschichten erz\u00e4hlen. Dabei geht es ihm um w\u00fcrdevolles Betrachten und darum, eine Erinnerungskultur zu pflegen, welche die Schattenseiten der Geschichte nicht &hellip;<\/p>\n","protected":false},"author":1,"featured_media":0,"parent":0,"menu_order":0,"comment_status":"closed","ping_status":"closed","template":"","meta":{"ngg_post_thumbnail":0,"footnotes":""},"class_list":["post-136","page","type-page","status-publish","hentry"],"_links":{"self":[{"href":"https:\/\/kuenstlergruppe-muehlacker.de\/index.php?rest_route=\/wp\/v2\/pages\/136","targetHints":{"allow":["GET"]}}],"collection":[{"href":"https:\/\/kuenstlergruppe-muehlacker.de\/index.php?rest_route=\/wp\/v2\/pages"}],"about":[{"href":"https:\/\/kuenstlergruppe-muehlacker.de\/index.php?rest_route=\/wp\/v2\/types\/page"}],"author":[{"embeddable":true,"href":"https:\/\/kuenstlergruppe-muehlacker.de\/index.php?rest_route=\/wp\/v2\/users\/1"}],"replies":[{"embeddable":true,"href":"https:\/\/kuenstlergruppe-muehlacker.de\/index.php?rest_route=%2Fwp%2Fv2%2Fcomments&post=136"}],"version-history":[{"count":2,"href":"https:\/\/kuenstlergruppe-muehlacker.de\/index.php?rest_route=\/wp\/v2\/pages\/136\/revisions"}],"predecessor-version":[{"id":2112,"href":"https:\/\/kuenstlergruppe-muehlacker.de\/index.php?rest_route=\/wp\/v2\/pages\/136\/revisions\/2112"}],"wp:attachment":[{"href":"https:\/\/kuenstlergruppe-muehlacker.de\/index.php?rest_route=%2Fwp%2Fv2%2Fmedia&parent=136"}],"curies":[{"name":"wp","href":"https:\/\/api.w.org\/{rel}","templated":true}]}}

<figure class="wp-block-image size-large"><img loading="lazy" decoding="async" width="1024" height="493" src="https://kuenstlergruppe-muehlacker.de/wp-content/uploads/2018/01/cropped-cropped-Martin-Kautter-Mario-Wirz-1-2-1024x493.jpg" alt="" class="wp-image-1807" srcset="https://kuenstlergruppe-muehlacker.de/wp-content/uploads/2018/01/cropped-cropped-Martin-Kautter-Mario-Wirz-1-2-1024x493.jpg 1024w, https://kuenstlergruppe-muehlacker.de/wp-content/uploads/2018/01/cropped-cropped-Martin-Kautter-Mario-Wirz-1-2-300x144.jpg 300w, https://kuenstlergruppe-muehlacker.de/wp-content/uploads/2018/01/cropped-cropped-Martin-Kautter-Mario-Wirz-1-2-768x370.jpg 768w, https://kuenstlergruppe-muehlacker.de/wp-content/uploads/2018/01/cropped-cropped-Martin-Kautter-Mario-Wirz-1-2-1536x740.jpg 1536w, https://kuenstlergruppe-muehlacker.de/wp-content/uploads/2018/01/cropped-cropped-Martin-Kautter-Mario-Wirz-1-2-174x84.jpg 174w, https://kuenstlergruppe-muehlacker.de/wp-content/uploads/2018/01/cropped-cropped-Martin-Kautter-Mario-Wirz-1-2.jpg 2000w" sizes="auto, (max-width: 1024px) 100vw, 1024px" /></figure>



<p>Geboren 1955 in Mühlacker<br>lebt und arbeitet seit 2018 in Görtlitz/Neiße<br>Martin E. Kautters Fotografie bildet das Menschsein in seinem Facettenreichtum ab: Soldatengräber, queere Geistliche, Geflüchtete und Ansichten von Gebäuden, die Geschichten erzählen. Dabei geht es ihm um würdevolles Betrachten und darum, eine Erinnerungskultur zu pflegen, welche die Schattenseiten der Geschichte nicht verdrängt.</p>

<p>Geboren 1955 in Mühlackerlebt und arbeitet seit 2018 in Görtlitz/NeißeMartin E. Kautters Fotografie bildet das Menschsein in seinem Facettenreichtum ab: Soldatengräber, queere Geistliche, Geflüchtete und Ansichten von Gebäuden, die Geschichten erzählen. Dabei geht es ihm um würdevolles Betrachten und darum, eine Erinnerungskultur zu pflegen, welche die Schattenseiten der Geschichte nicht &hellip;</p>
