{"id":137,"date":"2018-01-27T09:45:59","date_gmt":"2018-01-27T09:45:59","guid":{"rendered":"http:\/\/kuenstlergruppe-muehlacker.de\/?page_id=137"},"modified":"2020-06-15T10:22:48","modified_gmt":"2020-06-15T10:22:48","slug":"paul-revellio","status":"publish","type":"page","link":"https:\/\/kuenstlergruppe-muehlacker.de\/?page_id=137","title":{"rendered":"Paul Revellio"},"content":{"rendered":"<div class=\"entry-content clearfix\">\n<figure id=\"attachment_1204\" aria-describedby=\"caption-attachment-1204\" style=\"width: 300px\" class=\"wp-caption alignnone\"><img loading=\"lazy\" decoding=\"async\" class=\"wp-image-1204 size-medium\" src=\"http:\/\/kuenstlergruppe-muehlacker.de\/wp-content\/uploads\/2019\/07\/Sekttrinker2009-300x242.jpg\" alt=\"\" width=\"300\" height=\"242\" srcset=\"https:\/\/kuenstlergruppe-muehlacker.de\/wp-content\/uploads\/2019\/07\/Sekttrinker2009-300x242.jpg 300w, https:\/\/kuenstlergruppe-muehlacker.de\/wp-content\/uploads\/2019\/07\/Sekttrinker2009.jpg 500w\" sizes=\"auto, (max-width: 300px) 100vw, 300px\" \/><figcaption id=\"caption-attachment-1204\" class=\"wp-caption-text\">Paul Revellio &#8222;Sekttrinker&#8220; \u00d6l auf Leinwand<\/figcaption><\/figure>\n<p>1957<br \/>\ngeboren in Donaueschingen<\/p>\n<p>1980-1988<br \/>\nStudium an der Hochschule der K\u00fcnste Berlin bei Georg Baselitz, W. St\u00f6hrer und W. Volkert<\/p>\n<p>Meistersch\u00fcler von Georg Baselitz<\/p>\n<p>1983-1986<br \/>\nMitglied der K\u00fcnstlergruppe \u201eGras Fressen\u201c (mit M. v. Ostrowski, Michaela Habelitz\/Seliger, H. H. Zwanzig, Susanne Knaack, W. Muthesius, Richard Stimmel u.a.)<\/p>\n<p>Seit 1987<br \/>\nLithographiewerkstatt in Villingen im Schwarzwald<\/p>\n<p>1989<br \/>\nEdenkoben-Stipendium des Landes Rheinland-Pfalz<\/p>\n<p>Seit 1989<br \/>\nProjekte der \u201eMalergruppe\u201c mit Wesson Rockwell, G\u00fcnter Evertz, Mira Wunderer, Klaus Mertens, Annette Sandforth<\/p>\n<p>1991<br \/>\nErnst Barlach Preis \/ Stiftung Andreas Schmolze<\/p>\n<p>1993<br \/>\nStipendiat der Karl Hofer Gesellschaft Berlin<\/p>\n<p>Seit 1996<br \/>\nAtelier in Sachsenheim<\/p>\n<p>Seit 2007<br \/>\nLithowerkstatt in M\u00fchlacker<\/p>\n<p><strong> Literatur<\/strong><\/p>\n<p>Haus der W\u00f6rter. Ort der Blicke. Literatur, Malerei, Skulptur. K\u00fcnstlerhaus Edenkoben 1987 \u2013 1992.<br \/>\nEdenkoben: Freundeskreis K\u00fcnstlerhaus, 1993.<br \/>\nKunst bei Henning. Ausstellungen 1988-1998 Gebr. Mann Verlag Berlin<br \/>\nPaul Revellio \u2013 Es gr\u00fc\u00dfen \u201eGlotzer &amp; Co.\u201c Stefan Simon in Almanach 2004, Heimatjahrbuch des Schwarzwald-Baar-Kreises<\/p>\n<h1 class=\"entry-title\"><a href=\"http:\/\/paulrevellio.de\"><em>mehr<\/em><\/a><\/h1>\n<\/div>\n","protected":false},"excerpt":{"rendered":"<p>1957 geboren in Donaueschingen 1980-1988 Studium an der Hochschule der K\u00fcnste Berlin bei Georg Baselitz, W. St\u00f6hrer und W. Volkert Meistersch\u00fcler von Georg Baselitz 1983-1986 Mitglied der K\u00fcnstlergruppe \u201eGras Fressen\u201c (mit M. v. Ostrowski, Michaela Habelitz\/Seliger, H. H. Zwanzig, Susanne Knaack, W. Muthesius, Richard Stimmel u.a.) Seit 1987 Lithographiewerkstatt in &hellip;<\/p>\n","protected":false},"author":1,"featured_media":0,"parent":0,"menu_order":0,"comment_status":"closed","ping_status":"closed","template":"","meta":{"ngg_post_thumbnail":0,"footnotes":""},"class_list":["post-137","page","type-page","status-publish","hentry"],"_links":{"self":[{"href":"https:\/\/kuenstlergruppe-muehlacker.de\/index.php?rest_route=\/wp\/v2\/pages\/137","targetHints":{"allow":["GET"]}}],"collection":[{"href":"https:\/\/kuenstlergruppe-muehlacker.de\/index.php?rest_route=\/wp\/v2\/pages"}],"about":[{"href":"https:\/\/kuenstlergruppe-muehlacker.de\/index.php?rest_route=\/wp\/v2\/types\/page"}],"author":[{"embeddable":true,"href":"https:\/\/kuenstlergruppe-muehlacker.de\/index.php?rest_route=\/wp\/v2\/users\/1"}],"replies":[{"embeddable":true,"href":"https:\/\/kuenstlergruppe-muehlacker.de\/index.php?rest_route=%2Fwp%2Fv2%2Fcomments&post=137"}],"version-history":[{"count":12,"href":"https:\/\/kuenstlergruppe-muehlacker.de\/index.php?rest_route=\/wp\/v2\/pages\/137\/revisions"}],"predecessor-version":[{"id":1501,"href":"https:\/\/kuenstlergruppe-muehlacker.de\/index.php?rest_route=\/wp\/v2\/pages\/137\/revisions\/1501"}],"wp:attachment":[{"href":"https:\/\/kuenstlergruppe-muehlacker.de\/index.php?rest_route=%2Fwp%2Fv2%2Fmedia&parent=137"}],"curies":[{"name":"wp","href":"https:\/\/api.w.org\/{rel}","templated":true}]}}