{"id":1811,"date":"2023-03-22T14:50:06","date_gmt":"2023-03-22T14:50:06","guid":{"rendered":"https:\/\/kuenstlergruppe-muehlacker.de\/?page_id=1811"},"modified":"2023-03-22T15:01:54","modified_gmt":"2023-03-22T15:01:54","slug":"die-jahresausstellung-2023-wird-voraussichtlich-am-22-06-2023-eroeffnet","status":"publish","type":"page","link":"https:\/\/kuenstlergruppe-muehlacker.de\/?page_id=1811","title":{"rendered":"Jahresausstellung 2022"},"content":{"rendered":"\n<p>14. Oktober bis 11. November 2022<br>K\u00fcnstlergruppe M\u00fchlacker<\/p>\n\n\n\n<p><\/p>\n\n\n\n<figure class=\"wp-block-image size-medium\"><img loading=\"lazy\" decoding=\"async\" width=\"300\" height=\"200\" src=\"https:\/\/kuenstlergruppe-muehlacker.de\/wp-content\/uploads\/2022\/08\/20211127_Goerlitz_024-Bearbeitet-klein-300x200.jpg\" alt=\"Thomas Wilhelm &quot;Br\u00fccke \u00fcber die Nei\u00dfe&quot; \" class=\"wp-image-1710\" srcset=\"https:\/\/kuenstlergruppe-muehlacker.de\/wp-content\/uploads\/2022\/08\/20211127_Goerlitz_024-Bearbeitet-klein-300x200.jpg 300w, https:\/\/kuenstlergruppe-muehlacker.de\/wp-content\/uploads\/2022\/08\/20211127_Goerlitz_024-Bearbeitet-klein-768x513.jpg 768w, https:\/\/kuenstlergruppe-muehlacker.de\/wp-content\/uploads\/2022\/08\/20211127_Goerlitz_024-Bearbeitet-klein-374x250.jpg 374w, https:\/\/kuenstlergruppe-muehlacker.de\/wp-content\/uploads\/2022\/08\/20211127_Goerlitz_024-Bearbeitet-klein.jpg 900w\" sizes=\"auto, (max-width: 300px) 100vw, 300px\" \/><figcaption class=\"wp-element-caption\">Thomas Wilhelm &#8222;Br\u00fccke \u00fcber die Nei\u00dfe&#8220;<\/figcaption><\/figure>\n\n\n\n<p>Begr\u00fc\u00dfung:<br>Oberb\u00fcrgermeister Frank Schneider<br>Vortrag:<br>Dr. Markus Maisel<br><strong><em>Das Schweigen der Bilder<\/em><\/strong><br>Praktische Hinweise zum Besuch einer Kunstausstellung<br><br>Bewirtung: Manfred Rapp (Gr\u00fcnes Blatt)<\/p>\n\n\n\n<p><br>\u00d6ffnungszeiten:<br>Montag bis Freitag 8.00 &#8211; 12.00 Uhr<br>Donnerstag 8.00 &#8211; 18.00 Uhr<br><br><br>20 % des Verkaufserl\u00f6ses gehen an Naretoi e.V.<br>zur Unterst\u00fctzung einer Gruppe Massai am Rande des Nationalparks Masai Mara in Kenia<br>www.kuenstlergruppe-muehlacker.de<br><br><\/p>\n\n\n\n<p><br><\/p>\n\n\n\n<div class=\"wp-block-group\"><div class=\"wp-block-group__inner-container is-layout-flow wp-block-group-is-layout-flow\"><\/div><\/div>\n\n\n\n<p><\/p>\n","protected":false},"excerpt":{"rendered":"<p>14. Oktober bis 11. November 2022K\u00fcnstlergruppe M\u00fchlacker Begr\u00fc\u00dfung:Oberb\u00fcrgermeister Frank SchneiderVortrag:Dr. Markus MaiselDas Schweigen der BilderPraktische Hinweise zum Besuch einer Kunstausstellung Bewirtung: Manfred Rapp (Gr\u00fcnes Blatt) \u00d6ffnungszeiten:Montag bis Freitag 8.00 &#8211; 12.00 UhrDonnerstag 8.00 &#8211; 18.00 Uhr 20 % des Verkaufserl\u00f6ses gehen an Naretoi e.V.zur Unterst\u00fctzung einer Gruppe Massai am Rande &hellip;<\/p>\n","protected":false},"author":1,"featured_media":0,"parent":0,"menu_order":0,"comment_status":"closed","ping_status":"closed","template":"","meta":{"ngg_post_thumbnail":0,"footnotes":""},"class_list":["post-1811","page","type-page","status-publish","hentry"],"_links":{"self":[{"href":"https:\/\/kuenstlergruppe-muehlacker.de\/index.php?rest_route=\/wp\/v2\/pages\/1811","targetHints":{"allow":["GET"]}}],"collection":[{"href":"https:\/\/kuenstlergruppe-muehlacker.de\/index.php?rest_route=\/wp\/v2\/pages"}],"about":[{"href":"https:\/\/kuenstlergruppe-muehlacker.de\/index.php?rest_route=\/wp\/v2\/types\/page"}],"author":[{"embeddable":true,"href":"https:\/\/kuenstlergruppe-muehlacker.de\/index.php?rest_route=\/wp\/v2\/users\/1"}],"replies":[{"embeddable":true,"href":"https:\/\/kuenstlergruppe-muehlacker.de\/index.php?rest_route=%2Fwp%2Fv2%2Fcomments&post=1811"}],"version-history":[{"count":3,"href":"https:\/\/kuenstlergruppe-muehlacker.de\/index.php?rest_route=\/wp\/v2\/pages\/1811\/revisions"}],"predecessor-version":[{"id":1817,"href":"https:\/\/kuenstlergruppe-muehlacker.de\/index.php?rest_route=\/wp\/v2\/pages\/1811\/revisions\/1817"}],"wp:attachment":[{"href":"https:\/\/kuenstlergruppe-muehlacker.de\/index.php?rest_route=%2Fwp%2Fv2%2Fmedia&parent=1811"}],"curies":[{"name":"wp","href":"https:\/\/api.w.org\/{rel}","templated":true}]}}