{"id":221,"date":"2018-01-27T15:49:08","date_gmt":"2018-01-27T15:49:08","guid":{"rendered":"http:\/\/kuenstlergruppe-muehlacker.de\/?page_id=221"},"modified":"2026-01-18T13:28:19","modified_gmt":"2026-01-18T13:28:19","slug":"bernd-bruestle","status":"publish","type":"page","link":"https:\/\/kuenstlergruppe-muehlacker.de\/?page_id=221","title":{"rendered":"Bernd Br\u00fcstle"},"content":{"rendered":"\n<p><strong>Bernd Br\u00fcstle<\/strong><\/p>\n\n\n\n<p>Geboren 1959 in Maulbronn.<br>1981 \u2013 1984 Studium des Industriedesigns an der FH Pforzheim.<br>1985 \u2013 1990 Studium der Malerei an der Akademie der Bildenden K\u00fcnste in Karlsruhe.<br>1987 Erster Preis beim Wettbewerb der Kunststudenten der Alpirsbacher Galerie.<br>1991 Meistersch\u00fcler bei Prof. Klaus Arnold; Mitarbeit bei Wandmalereien in der F\u00fchrungsakademie Baden-W\u00fcrttemberg, in der Universit\u00e4t Karlsruhe und in der Toto Lotto Zentrale Stuttgart.<br>Zahlreiche Ausstellungen in der Region und dar\u00fcber hinaus.<\/p>\n","protected":false},"excerpt":{"rendered":"<p>Bernd Br\u00fcstle Geboren 1959 in Maulbronn.1981 \u2013 1984 Studium des Industriedesigns an der FH Pforzheim.1985 \u2013 1990 Studium der Malerei an der Akademie der Bildenden K\u00fcnste in Karlsruhe.1987 Erster Preis beim Wettbewerb der Kunststudenten der Alpirsbacher Galerie.1991 Meistersch\u00fcler bei Prof. Klaus Arnold; Mitarbeit bei Wandmalereien in der F\u00fchrungsakademie Baden-W\u00fcrttemberg, in &hellip;<\/p>\n","protected":false},"author":1,"featured_media":0,"parent":0,"menu_order":0,"comment_status":"closed","ping_status":"closed","template":"","meta":{"ngg_post_thumbnail":0,"footnotes":""},"class_list":["post-221","page","type-page","status-publish","hentry"],"_links":{"self":[{"href":"https:\/\/kuenstlergruppe-muehlacker.de\/index.php?rest_route=\/wp\/v2\/pages\/221","targetHints":{"allow":["GET"]}}],"collection":[{"href":"https:\/\/kuenstlergruppe-muehlacker.de\/index.php?rest_route=\/wp\/v2\/pages"}],"about":[{"href":"https:\/\/kuenstlergruppe-muehlacker.de\/index.php?rest_route=\/wp\/v2\/types\/page"}],"author":[{"embeddable":true,"href":"https:\/\/kuenstlergruppe-muehlacker.de\/index.php?rest_route=\/wp\/v2\/users\/1"}],"replies":[{"embeddable":true,"href":"https:\/\/kuenstlergruppe-muehlacker.de\/index.php?rest_route=%2Fwp%2Fv2%2Fcomments&post=221"}],"version-history":[{"count":2,"href":"https:\/\/kuenstlergruppe-muehlacker.de\/index.php?rest_route=\/wp\/v2\/pages\/221\/revisions"}],"predecessor-version":[{"id":2101,"href":"https:\/\/kuenstlergruppe-muehlacker.de\/index.php?rest_route=\/wp\/v2\/pages\/221\/revisions\/2101"}],"wp:attachment":[{"href":"https:\/\/kuenstlergruppe-muehlacker.de\/index.php?rest_route=%2Fwp%2Fv2%2Fmedia&parent=221"}],"curies":[{"name":"wp","href":"https:\/\/api.w.org\/{rel}","templated":true}]}}