{"id":230,"date":"2018-01-27T15:49:09","date_gmt":"2018-01-27T15:49:09","guid":{"rendered":"http:\/\/kuenstlergruppe-muehlacker.de\/?page_id=230"},"modified":"2026-01-18T13:52:25","modified_gmt":"2026-01-18T13:52:25","slug":"berthold-scheible","status":"publish","type":"page","link":"https:\/\/kuenstlergruppe-muehlacker.de\/?page_id=230","title":{"rendered":"Berthold Scheible"},"content":{"rendered":"\n<p>Seine Arbeiten sind offen. In deren Form\u00e4sthetik treffen glatte und scharf akzentuierte Elemente aufeinander. Fein nuanciert, gro\u00dffl\u00e4chig strukturiert sind die in den Arbeiten sichtbaren Gegens\u00e4tze. In diesen in Stein ausgearbeiteten Kontrasten entwickelt sich die Spannung der Skulpturen. In ihnen spiegelt sich die Auseinandersetzung des K\u00fcnstlers mit der Natur und dem Menschen. So bereitet es nicht nur Freude, seine Skulpturen der \u00e4u\u00dferen Sch\u00f6nheit wegen zu betrachten, sondern sie lassen dem Betrachter auch noch Raum f\u00fcr eigene Fantasien und Gedankenreisen.<\/p>\n","protected":false},"excerpt":{"rendered":"<p>Seine Arbeiten sind offen. In deren Form\u00e4sthetik treffen glatte und scharf akzentuierte Elemente aufeinander. Fein nuanciert, gro\u00dffl\u00e4chig strukturiert sind die in den Arbeiten sichtbaren Gegens\u00e4tze. In diesen in Stein ausgearbeiteten Kontrasten entwickelt sich die Spannung der Skulpturen. In ihnen spiegelt sich die Auseinandersetzung des K\u00fcnstlers mit der Natur und dem &hellip;<\/p>\n","protected":false},"author":1,"featured_media":0,"parent":0,"menu_order":0,"comment_status":"closed","ping_status":"closed","template":"","meta":{"ngg_post_thumbnail":0,"footnotes":""},"class_list":["post-230","page","type-page","status-publish","hentry"],"_links":{"self":[{"href":"https:\/\/kuenstlergruppe-muehlacker.de\/index.php?rest_route=\/wp\/v2\/pages\/230","targetHints":{"allow":["GET"]}}],"collection":[{"href":"https:\/\/kuenstlergruppe-muehlacker.de\/index.php?rest_route=\/wp\/v2\/pages"}],"about":[{"href":"https:\/\/kuenstlergruppe-muehlacker.de\/index.php?rest_route=\/wp\/v2\/types\/page"}],"author":[{"embeddable":true,"href":"https:\/\/kuenstlergruppe-muehlacker.de\/index.php?rest_route=\/wp\/v2\/users\/1"}],"replies":[{"embeddable":true,"href":"https:\/\/kuenstlergruppe-muehlacker.de\/index.php?rest_route=%2Fwp%2Fv2%2Fcomments&post=230"}],"version-history":[{"count":2,"href":"https:\/\/kuenstlergruppe-muehlacker.de\/index.php?rest_route=\/wp\/v2\/pages\/230\/revisions"}],"predecessor-version":[{"id":2126,"href":"https:\/\/kuenstlergruppe-muehlacker.de\/index.php?rest_route=\/wp\/v2\/pages\/230\/revisions\/2126"}],"wp:attachment":[{"href":"https:\/\/kuenstlergruppe-muehlacker.de\/index.php?rest_route=%2Fwp%2Fv2%2Fmedia&parent=230"}],"curies":[{"name":"wp","href":"https:\/\/api.w.org\/{rel}","templated":true}]}}