{"id":391,"date":"2018-01-29T19:02:00","date_gmt":"2018-01-29T19:02:00","guid":{"rendered":"http:\/\/kuenstlergruppe-muehlacker.de\/?page_id=391"},"modified":"2023-03-21T14:27:49","modified_gmt":"2023-03-21T14:27:49","slug":"heimat-schmoelln","status":"publish","type":"page","link":"https:\/\/kuenstlergruppe-muehlacker.de\/?page_id=391","title":{"rendered":"Heimat (Schm\u00f6lln) 2017"},"content":{"rendered":"<p>Ausstellung der K\u00fcnstlergruppe M\u00fchlacker in der Partnerstadt Schm\u00f6ln<\/p>\nngg_shortcode_0_placeholder\n<p class=\"page-header-headline\">\u00a9 alle Fotos: Martin E. Kautter<\/p>\n","protected":false},"excerpt":{"rendered":"<p>Ausstellung der K\u00fcnstlergruppe M\u00fchlacker in der Partnerstadt Schm\u00f6ln \u00a9 alle Fotos: Martin E. Kautter<\/p>\n","protected":false},"author":1,"featured_media":0,"parent":0,"menu_order":0,"comment_status":"closed","ping_status":"closed","template":"","meta":{"ngg_post_thumbnail":0,"footnotes":""},"class_list":["post-391","page","type-page","status-publish","hentry"],"_links":{"self":[{"href":"https:\/\/kuenstlergruppe-muehlacker.de\/index.php?rest_route=\/wp\/v2\/pages\/391","targetHints":{"allow":["GET"]}}],"collection":[{"href":"https:\/\/kuenstlergruppe-muehlacker.de\/index.php?rest_route=\/wp\/v2\/pages"}],"about":[{"href":"https:\/\/kuenstlergruppe-muehlacker.de\/index.php?rest_route=\/wp\/v2\/types\/page"}],"author":[{"embeddable":true,"href":"https:\/\/kuenstlergruppe-muehlacker.de\/index.php?rest_route=\/wp\/v2\/users\/1"}],"replies":[{"embeddable":true,"href":"https:\/\/kuenstlergruppe-muehlacker.de\/index.php?rest_route=%2Fwp%2Fv2%2Fcomments&post=391"}],"version-history":[{"count":9,"href":"https:\/\/kuenstlergruppe-muehlacker.de\/index.php?rest_route=\/wp\/v2\/pages\/391\/revisions"}],"predecessor-version":[{"id":941,"href":"https:\/\/kuenstlergruppe-muehlacker.de\/index.php?rest_route=\/wp\/v2\/pages\/391\/revisions\/941"}],"wp:attachment":[{"href":"https:\/\/kuenstlergruppe-muehlacker.de\/index.php?rest_route=%2Fwp%2Fv2%2Fmedia&parent=391"}],"curies":[{"name":"wp","href":"https:\/\/api.w.org\/{rel}","templated":true}]}}

Heimat (Schmölln) 2017

<p>Ausstellung der Künstlergruppe Mühlacker in der Partnerstadt Schmöln</p>
ngg_shortcode_0_placeholder
<p class="page-header-headline">© alle Fotos: Martin E. Kautter</p>

<p>Ausstellung der Künstlergruppe Mühlacker in der Partnerstadt Schmöln © alle Fotos: Martin E. Kautter</p>
