{"id":54,"date":"2018-01-25T11:35:26","date_gmt":"2018-01-25T11:35:26","guid":{"rendered":"http:\/\/kuenstlergruppe-muehlacker.de\/?page_id=54"},"modified":"2026-01-04T10:28:35","modified_gmt":"2026-01-04T10:28:35","slug":"ueber-uns","status":"publish","type":"page","link":"https:\/\/kuenstlergruppe-muehlacker.de\/?page_id=54","title":{"rendered":"\u00dcber uns"},"content":{"rendered":"\n<p>Die K\u00fcnstlergruppe M\u00fchlacker ist ein lockerer Zusammenschluss von Kunstschaffenden aus M\u00fchlacker und der Region.<\/p>\n\n\n\n<p>Die K\u00fcnstlergruppe M\u00fchlacker trifft sich regelm\u00e4\u00dfig einmal im Monat. Im Vordergrund steht dabei der Gedanken- und Ideenaustausch sowie die Planung und Vorbereitung von gemeinsamen Aktionen und Ausstellungen.<br>Hier informieren wir \u00fcber unsere Aktivit\u00e4ten.<\/p>\n\n\n<div class=\"caption\">\n<div class=\"caption\">\n<div class=\"caption\">\n<p>&nbsp;<\/p>\n<figure id=\"attachment_1997\" aria-describedby=\"caption-attachment-1997\" style=\"width: 1000px\" class=\"wp-caption alignleft\"><img loading=\"lazy\" decoding=\"async\" class=\"wp-image-1997 size-full\" src=\"https:\/\/kuenstlergruppe-muehlacker.de\/wp-content\/uploads\/2026\/01\/Teilnehmer-mit-OB-01kl.jpg\" alt=\"\" width=\"1000\" height=\"558\" srcset=\"https:\/\/kuenstlergruppe-muehlacker.de\/wp-content\/uploads\/2026\/01\/Teilnehmer-mit-OB-01kl.jpg 1000w, https:\/\/kuenstlergruppe-muehlacker.de\/wp-content\/uploads\/2026\/01\/Teilnehmer-mit-OB-01kl-300x167.jpg 300w, https:\/\/kuenstlergruppe-muehlacker.de\/wp-content\/uploads\/2026\/01\/Teilnehmer-mit-OB-01kl-768x429.jpg 768w, https:\/\/kuenstlergruppe-muehlacker.de\/wp-content\/uploads\/2026\/01\/Teilnehmer-mit-OB-01kl-174x97.jpg 174w\" sizes=\"auto, (max-width: 1000px) 100vw, 1000px\" \/><figcaption id=\"caption-attachment-1997\" class=\"wp-caption-text\">K\u00fcnstler der Jahresausstellung 2025 mit OB Schneider (ganz rechts)<br>Foto: textagentur stahlfeld Ulrike Stahlfeld<\/figcaption><\/figure>\n<p>Aktive Mitglieder: Avain Biederstaedt, Bernd Br\u00fcstle, Dorothee Simons, Kirsten Elischer, Klaus Fiess, Birgit Gerst, Jochen Gerst, Susanne Bosselmann, Manfred L\u00e4kem\u00e4ker, Paul Revellio, Chong Im Neukamm, Sigrid Baumg\u00e4rtner-F\u00f6rschler, Benjamin F\u00f6rschler, KWAKU Eugen Sch\u00fctz, Volker Henkel, Thomas Wilhelm, Stefan Pinl, J\u00fcrgen Sage<\/p>\n<p>G\u00e4ste: Leni Buchheiser<\/p>\n<p>F\u00f6rderer und Berater: Markus Maisel<\/p>\n<p>Mitglieder, die uns in liebevoller Erinnerung bleiben: Hildegard Stretz, Inge Luise Vollmer und Martin Eisenhardt<\/p>\n<\/div>\n<p>Seit der Schlie\u00dfung des M\u00fchlehofs stehen der K\u00fcnstlergruppe leider keine eigenen R\u00e4ume mehr zur Verf\u00fcgung. Aktuell sind wir aufgrund freundlicher Unterst\u00fctzung von Familie Lutz im ehemaligen Malergesch\u00e4ft Geissel zu Gast.<\/p>\n<p><img loading=\"lazy\" decoding=\"async\" class=\"alignnone size-medium wp-image-2001\" src=\"https:\/\/kuenstlergruppe-muehlacker.de\/wp-content\/uploads\/2026\/01\/20240816_194629gimpkl-300x196.jpg\" alt=\"\" width=\"300\" height=\"196\" srcset=\"https:\/\/kuenstlergruppe-muehlacker.de\/wp-content\/uploads\/2026\/01\/20240816_194629gimpkl-300x196.jpg 300w, https:\/\/kuenstlergruppe-muehlacker.de\/wp-content\/uploads\/2026\/01\/20240816_194629gimpkl-174x114.jpg 174w, https:\/\/kuenstlergruppe-muehlacker.de\/wp-content\/uploads\/2026\/01\/20240816_194629gimpkl.jpg 700w\" sizes=\"auto, (max-width: 300px) 100vw, 300px\" \/><\/p>\n<p>Wir sind offen f\u00fcr neue Mitglieder mit M\u00fchlackerbezug. Ausstellungserfahrung ist erw\u00fcnscht, aber vor allem bei jungen Kunstschaffenden kein Muss. Aussagekr\u00e4ftige Bewerbungen mit Beispielarbeiten d\u00fcrfen gern per E-Mail zugesandt werden.<\/p>\n<\/div>\n<\/div>\n<p><!--more--><\/p>\n<p><!--more--><\/p>","protected":false},"excerpt":{"rendered":"<p>Die K\u00fcnstlergruppe M\u00fchlacker ist ein lockerer Zusammenschluss von Kunstschaffenden aus M\u00fchlacker und der Region. Die K\u00fcnstlergruppe M\u00fchlacker trifft sich regelm\u00e4\u00dfig einmal im Monat. Im Vordergrund steht dabei der Gedanken- und Ideenaustausch sowie die Planung und Vorbereitung von gemeinsamen Aktionen und Ausstellungen.Hier informieren wir \u00fcber unsere Aktivit\u00e4ten. &nbsp; Aktive Mitglieder: Avain &hellip;<\/p>\n","protected":false},"author":1,"featured_media":0,"parent":0,"menu_order":0,"comment_status":"closed","ping_status":"closed","template":"","meta":{"ngg_post_thumbnail":0,"footnotes":""},"class_list":["post-54","page","type-page","status-publish","hentry"],"_links":{"self":[{"href":"https:\/\/kuenstlergruppe-muehlacker.de\/index.php?rest_route=\/wp\/v2\/pages\/54","targetHints":{"allow":["GET"]}}],"collection":[{"href":"https:\/\/kuenstlergruppe-muehlacker.de\/index.php?rest_route=\/wp\/v2\/pages"}],"about":[{"href":"https:\/\/kuenstlergruppe-muehlacker.de\/index.php?rest_route=\/wp\/v2\/types\/page"}],"author":[{"embeddable":true,"href":"https:\/\/kuenstlergruppe-muehlacker.de\/index.php?rest_route=\/wp\/v2\/users\/1"}],"replies":[{"embeddable":true,"href":"https:\/\/kuenstlergruppe-muehlacker.de\/index.php?rest_route=%2Fwp%2Fv2%2Fcomments&post=54"}],"version-history":[{"count":28,"href":"https:\/\/kuenstlergruppe-muehlacker.de\/index.php?rest_route=\/wp\/v2\/pages\/54\/revisions"}],"predecessor-version":[{"id":2015,"href":"https:\/\/kuenstlergruppe-muehlacker.de\/index.php?rest_route=\/wp\/v2\/pages\/54\/revisions\/2015"}],"wp:attachment":[{"href":"https:\/\/kuenstlergruppe-muehlacker.de\/index.php?rest_route=%2Fwp%2Fv2%2Fmedia&parent=54"}],"curies":[{"name":"wp","href":"https:\/\/api.w.org\/{rel}","templated":true}]}}